e (o + 5 + -1)*7. What is the greatest common divisor of 28 and h?
7
Let s(y) = y**3 + 7*y**2 + 4*y + 10. Let b be s(-7). Let t(z) = -z**3 - 19*z**2 - 20*z - 10. Let i be t(b). What is the highest common divisor of i and 39?
13
Suppose -a + 2*d - 16 = 0, -d + 2*d = -a - 10. Let f = 20 + a. Suppose 3*t + 93 = 3*k, 0 = -4*k - 4*t + 48 + 84. What is the highest common divisor of k and f?
8
Let c be 96 + 7*12/28. What is the highest common divisor of 44 and c?
11
Suppose 0 = 24*c - 11*c - 65. Suppose 3*p - 5*l = 1, -5*p - 5*l = -2*l - 13. Calculate the highest common factor of p and c.
1
Let m = 90 + -49. What is the greatest common divisor of m and 533?
41
Suppose -9*c + 3*s = -5*c - 142, 35 = c - s. Calculate the greatest common divisor of 111 and c.
37
Let w be (0 - -14)*(-10)/(-20). Suppose w*q = 2*q + 100. Suppose 6 = -5*u + 16. Calculate the highest common factor of u and q.
2
Let y(a) = a**3 - a**2 - a + 2. Let x be y(0). Suppose 0 = -r - 4*p + 2, 0 = x*p - p. Let v be 9/(-9) + 0 + 3. What is the highest common factor of v and r?
2
Suppose 15*c - 12*c - 12 = 0. Let u = 34 + -22. What is the highest common factor of c and u?
4
Let v(b) = 274*b**2 - b. Let k be v(1). Suppose -10 = -4*h - 5*t, 5*h + t = -3*t + 8. Suppose 2*p + p - k = h. Calculate the highest common factor of p and 13.
13
Let l(u) = u**3 + 6*u**2 - 14*u - 40. Let m be l(-5). What is the highest common divisor of 44 and m?
11
Suppose -7840 = -14*p + 11046. What is the greatest common factor of p and 142?
71
Let i = 14 - 1. Suppose 4*h - 14 = -5*v + 5, -3*h + i = 4*v. Calculate the greatest common divisor of 77 and h.
11
Let q(d) = 19. Let f(u) = -22 + 1 + 1 + 0 + u. Let y(s) = 3*f(s) + 2*q(s). Let i be y(10). What is the greatest common factor of 64 and i?
8
Let p = 89 - 69. Calculate the highest common factor of 2 and p.
2
Suppose c - 5*g = 6*c - 45, 2*g - 4 = 0. What is the highest common factor of c and 3?
1
Suppose 3*r = 5*v + 129, -6*r + 3*r = 3*v - 153. Let t be (36/(-8))/((-6)/8). What is the highest common divisor of t and r?
6
Suppose 150*r + 936 = 158*r. What is the highest common factor of 27 and r?
9
Let n be -1 - (-7 + -6 + 3). What is the highest common divisor of n and 1?
1
Let g be -2 - (-1 + 2 - 43). Let d(j) = j**2 - 10*j - 10. Let k be d(11). Suppose 21 = b + k. What is the greatest common divisor of g and b?
20
Let i = 80 - 62. Suppose -10 = -2*k, 2*o = -3*k + 127 + i. Calculate the highest common factor of o and 52.
13
Let h be (-30)/9*4/((-8)/(-3)). Let g be (-3 - 25/h) + 50. Calculate the greatest common factor of 65 and g.
13
Suppose -9*a - 144 = -3*a. Let f be 2705/40 + (-9)/a. What is the greatest common divisor of f and 17?
17
Let g(b) = 86*b + 121. Let w be g(4). Calculate the highest common factor of 31 and w.
31
Let b(o) = 70*o. Let n = -4 + 12. Suppose -n*q = a - 4*q - 21, 4*a - 5*q = -21. Let m be b(a). What is the highest common divisor of m and 28?
14
Let n(i) = -i**2 + 18*i - 29. Let w be n(11). Suppose -7*c + 9*c = 32. Calculate the highest common divisor of c and w.
16
Let c(s) = -15*s**2 + s - 3. Let p be c(2). Let k = p - -71. Calculate the greatest common factor of 40 and k.
10
Let x(k) = -3*k + 1 + 4*k + 0 - 2*k. Let n be x(2). Let i(r) = 13*r**2 + 1. Let y be i(n). What is the greatest common divisor of y and 154?
14
Let k be (-4 - (-18 + 2))/2. Suppose -k*a = -3*a - 6. What is the highest common divisor of a and 22?
2
Let b = 572 - 167. What is the greatest common factor of b and 45?
45
Suppose 0*s - 5*s - 15 = 0. Let d be 7*(s + (-21)/(-3)). Calculate the greatest common divisor of d and 7.
7
Suppose 3*f = -12, 3*h + 136 = 8*h - 4*f. Let d be (-2678)/(-10) - h/30. Suppose -d = -2*m - 5*k, k = -4*k + 15. What is the greatest common factor of m and 14?
14
Suppose 0 = -0*z + 4*z + 4, 2*p = -4*z + 6. Suppose p*c + 25 - 115 = 0. Let t be c*3/(6 - 3). What is the greatest common divisor of 126 and t?
18
Suppose -a + 5*y + 168 = 0, -3*a = -3*y - 538 + 70. Calculate the highest common factor of 867 and a.
51
Let m be 174/9 + 4/6. Suppose 3*x = -0*x. Let h be 90/(-9)*(-4 + x). Calculate the highest common divisor of m and h.
20
Let u(s) = 29*s**2 + 2*s + 2. Let m be u(-1). Suppose 4*x - 19 - m = 0. What is the highest common factor of x and 132?
12
Let h be 34/4*1/((-4)/8). Let t(l) = l**2 + 16*l - 9. Let m be t(h). Suppose 0*p - 2*p = -80. What is the greatest common factor of m and p?
8
Let c(k) = 8*k**2 - 86*k - 39. Let j be c(-8). What is the greatest common factor of 258 and j?
129
Suppose 3*u - 2*w = -2*u - 88, 0 = 2*u - 4*w + 32. Let d be 6/((-40)/(-45) - (-4)/u). Calculate the greatest common divisor of 36 and d.
9
Let p(d) = -d**2 - 6*d - 6. Let w be p(-5). Let g be (w/3)/1 + (-17840)/(-60). Suppose -4*i + 25 = -83. What is the greatest common divisor of g and i?
27
Let z(r) = r**3 - 18*r**2 + 20*r + 9. Let k be z(17). Calculate the greatest common factor of k and 348.
12
Let d(i) = i**3 - 9*i**2 + 7*i + 4. Let h be d(6). Let j be 10/5 - (h - -1). Let f be (-8)/4 + 4 + j. What is the highest common factor of f and 13?
13
Suppose 11*s = 27 + 50. Let z = -2 + 3. Let o be z*(-4)/(-2) - 1. What is the highest common factor of s and o?
1
Let p be 10/70 + (-324)/14. Let j(f) = 2*f + 70. Let s be j(p). What is the greatest common factor of 40 and s?
8
Let q = 7 + -4. Suppose -16 = -4*m, -12 = -4*k + 3*k - q*m. Let u = 5 - k. Calculate the highest common divisor of u and 25.
5
Let k be 4 + (-2 + 1)*4. Let c(m) = 5*m + 3. Let t be c(k). Let u be 0/2 + 15/1. Calculate the highest common divisor of u and t.
3
Suppose l + 5*g - 8 - 34 = 0, -126 = -2*l + 4*g. Let c be (-16680)/(-440) - ((-46)/22 + 2). What is the greatest common factor of l and c?
19
Let t = -4 - -6. Suppose t*q = -l + 55, q - 4*q + 75 = 3*l. Let s(v) = v**2 + 17*v - 104. Let d be s(5). What is the greatest common divisor of q and d?
6
Suppose -13 - 47 = -5*g. Suppose -g*a + 8*a + 4*c = -1404, 0 = 5*a + c - 1749. What is the highest common factor of a and 35?
35
Let u(t) = -t**3 + 8*t**2 + 12*t - 5. Suppose -o + z = -10 - 2, z = 2*o - 21. Let l be u(o). Let v = 31 - l. What is the highest common divisor of v and 72?
9
Let u(s) = s**2 + 6*s + 5. Let r be u(-6). Suppose 2*n + 96 = 3*m, -r*n + 18 = m - n. Calculate the greatest common divisor of m and 90.
30
Suppose 3*x = 2*w + 4152, 0 = -9*x + 6*x - w + 4152. What is the greatest common factor of x and 8?
8
Let f be 31/(-31)*2*-7. Let h = -160 + 162. What is the greatest common factor of h and f?
2
Let t(o) = 13*o - 1. Let i be t(1). Suppose -5*h - 144 = -1114. Let f = h + -191. What is the highest common divisor of i and f?
3
Suppose 4*b = 5*b - 5. Suppose 2*s - 26 = 4*g, -3*s + 4*s - 13 = -b*g. What is the highest common factor of 39 and s?
13
Let g = -100 + 213. Suppose -4*d = -9*d + 3*i + g, 3*d - 3*i = 69. What is the highest common factor of d and 22?
22
Let b be -3 - -1 - (-11 + -3). Calculate the highest common divisor of 108 and b.
12
Let t = 489 + -309. Suppose j + 17 = t. Suppose 563 = 5*k + j. What is the highest common divisor of 10 and k?
10
Let q be 38 + (-1)/((-5)/4 - -1). What is the highest common divisor of 210 and q?
42
Let r = -34 - -32. Let p be (5 + 0)*(14 + r). Suppose -2*l + 2*y = -46, -l + 29 = -0*l - 3*y. What is the greatest common factor of l and p?
20
Suppose 0 = 7*h - 3*h - 112. Let t = -65 - -63. Let o be -2 + 17 - (3 + t). Calculate the highest common factor of h and o.
14
Let j be 6/(-4)*32/(-2). Let o be -9*(-12)/(-3 - -6). Suppose -10*v + 9*v + o = 0. What is the highest common divisor of v and j?
12
Let z(v) = v**3 + 17*v**2 - v + 35. Let i be z(-17). What is the greatest common divisor of 520 and i?
52
Suppose 18*m + 204 = 86*m. Let g be 6/21 - 103/(-7). Calculate the greatest common divisor of m and g.
3
Suppose -3*p + 4*g = -0*p - 86, -4*p = -4*g - 112. What is the greatest common divisor of p and 13?
13
Let u = -56 + 43. Let v(m) be the first derivative of -m**3/3 - 8*m**2 - 6*m + 1. Let c be v(u). What is the greatest common factor of c and 11?
11
Suppose 0 = -3*k - 4*i + 625, -9 = -2*i - 1. What is the greatest common divisor of 29 and k?
29
Suppose 5*j - j - 8 = 0. Suppose -20 = 2*t - 3*g, g + 14 = -j*t - 22. Let v be (63/(-6))/(12/t). What is the highest common divisor of 2 and v?
2
